tor of n and q?
13
Suppose 1598*t - 1593*t - i - 503 = 0, -2*t = 2*i - 194. Calculate the highest common factor of 1520 and t.
20
Let m(u) = -u**3 - 8*u**2 - 8*u - 13*u - 3 - 2*u**2 - u. Let w be m(-7). Let x = 19 - 5. What is the highest common divisor of x and w?
2
Let g be (27 - 24)*(-4 - -7). Calculate the highest common divisor of 8 and g.
1
Let f be ((-549)/(-3) + 4)*(32 - -5). What is the highest common divisor of f and 37?
37
Let d(m) = m**2 - 11*m - 32. Let t be (-4 - -3 - -23)/2. Let q be d(t). Let y = -18 - q. Calculate the highest common factor of y and 35.
7
Let y(h) = -h**2 + 141*h + 1439. Let r be y(149). Calculate the greatest common divisor of 1349 and r.
19
Let p = -1758 + 7102. Calculate the greatest common factor of p and 32.
32
Let k be 9894/272 + (-9)/24. Suppose 0 = 43*x - k*x - 140. What is the greatest common divisor of 620 and x?
20
Let h = 13167 - 12959. What is the highest common factor of 403 and h?
13
Let c(i) = 6*i + 2. Let t be c(3). Let q = -18012 + 18032. What is the highest common divisor of q and t?
20
Suppose 20*u - 258 + 1218 = 0. Let n be (-600)/(-45)*u/(-10). What is the greatest common divisor of 160 and n?
32
Suppose -4*j + 2*l - 324 = 0, -j = j + l + 170. Let w = j - -89. Calculate the greatest common factor of 846 and w.
6
Let r = 15 - 9. Let o(m) = 18*m - 125. Let d be o(14). Let u = d - 123. What is the greatest common factor of r and u?
2
Suppose -2188 = -x + 2*j, -3354*j + 10885 = 5*x - 3353*j. Calculate the greatest common factor of 162 and x.
18
Let k be 609/189 - 2/9 - 14. Let u(l) = -2 - 3*l + 9 + 2. Let d be u(k). What is the greatest common factor of d and 14?
14
Let a(n) = -44*n - 113. Let j be a(-12). Let p = -353 + j. Suppose 0*w + 4*w - 372 = 0. What is the greatest common divisor of w and p?
31
Suppose -71*m = -92*m + 756. Calculate the greatest common divisor of 1161 and m.
9
Let d be (-2)/((-108)/231 + (-32)/(-112)). Let t be (-525)/(-48) - 19/(-304). Calculate the greatest common divisor of d and t.
11
Suppose -5*n + 42 = -3*n + 3*w, 0 = 4*n + 2*w - 84. Let a be 3/(-9) - (-532)/n. What is the highest common factor of 100 and a?
25
Suppose 3*l - 34*j + 38*j = 1238, 0 = -3*l + 3*j + 1245. What is the greatest common divisor of l and 1518?
138
Suppose -7*d = 4*d - 7522 + 1670. What is the greatest common divisor of 152 and d?
76
Let q(v) = -5*v + 87. Let z be q(17). Let r = z + 97. What is the highest common factor of r and 66?
33
Suppose 3*g + 5*w = 29, -g - 13 = 2*w - 23. Let t(h) = h - 15. Let z be t(0). Let r be (z/12 - -4)*g. Calculate the greatest common divisor of r and 77.
11
Suppose 0 = -72599*s + 72611*s - 130244 - 74932. Calculate the highest common factor of s and 249.
83
Let k(y) = -152*y**3 + 2*y**2 - y - 2. Let h be (0 + 168/((-12)/3))*1. Let q = 41 + h. Let u be k(q). Calculate the greatest common factor of u and 17.
17
Let m(h) = 4*h**2 + h + 1. Let f be m(-1). Suppose 0 = j - 5*p - 49, 7*j = 3*j - 2*p + 262. Calculate the highest common divisor of j and f.
4
Let u be (1 - -2) + -67 + (20 - -68). Let m be 167 - 2/4*-2. Calculate the highest common factor of m and u.
24
Let q(g) = -4*g - 12. Let j be q(-7). Suppose -t + 59 = -j. Suppose -2*a = 18 - 48. Calculate the greatest common divisor of a and t.
15
Let o be (7 - 12)*(-252)/15. Let h = 84 - o. Let x be -5 + (h - -1) + -4 + 255. Calculate the highest common divisor of x and 19.
19
Let w be (90/(-8))/((-3)/12). Suppose h - 50 = -h + 3*z, 0 = 3*z. Let d = -10 + h. What is the highest common divisor of w and d?
15
Let v(f) = 77*f**2 + 15*f - 45*f**2 - 31*f**2. Let q be v(-17). What is the greatest common factor of 306 and q?
34
Let t = -207 - -210. Suppose t*k - 1256 - 677 = 2*f, -2*f = -2. What is the greatest common factor of 15 and k?
15
Let g be 2/3*13086/12. Suppose -g = -24*f + 89. Calculate the highest common factor of f and 204.
34
Let t(n) = 9*n**2 - 87*n + 68. Let d be t(37). Calculate the highest common divisor of d and 20.
10
Suppose 35*o + 133 = 36*o - 2*s, 5*o - 5*s - 625 = 0. Let x(y) = -64*y**3 - y. Let t be x(-1). Calculate the greatest common factor of o and t.
13
Let z(m) = -m**2 + m. Let w(j) = -2*j**2 - 11*j + 15. Let s(o) = w(o) - 4*z(o). Let d be s(15). What is the highest common factor of 30 and d?
30
Suppose -20*d = -25*d + 20. Suppose -d = -v + y, -21 = v + y + 3*y. Let h be 2/((v/49)/(5/(-10))). What is the greatest common factor of 7 and h?
7
Suppose -1889 = -2*m + l, 3715 = 4*m + 7*l - 2*l. What is the greatest common divisor of m and 80?
20
Let t be 1/(-1)*(-6 + 8) + 17. Suppose -4*h - h = -5*j + 90, -12 = -j + 4*h. Calculate the highest common divisor of j and t.
5
Suppose -c + 117 = -0*c. Suppose -l = z - 16, 5*z - 2*l = c - 44. Suppose u = -4*u + 5*x - 5, -5*u = 5*x - 35. What is the highest common factor of u and z?
3
Suppose 20*m - 16*m + 2*n - 1716 = 0, 9*m - 3861 = 2*n. Calculate the greatest common divisor of 264 and m.
33
Suppose 5*m - 28 = z, 4*m - 2*z - 30 = -4. Let c(k) = 21*k - 31. Let n be c(6). What is the greatest common factor of n and m?
5
Let z(x) = 91*x - 9012. Let l be z(101). Calculate the greatest common divisor of 6 and l.
1
Let w = -5 - -12. Suppose -2*g = -2*r - 46 + 152, -4*g = -4. Suppose s = r + 2. What is the highest common factor of w and s?
7
Suppose 16 + 24 = 4*i. Let p(j) = 2*j**2 + 32*j - 62. Let b be ((-28)/10 + 2)/(52/1170). Let l be p(b). What is the highest common divisor of i and l?
10
Let s(m) = 4*m**2 + 4*m + 27. Let z be s(-12). Calculate the highest common factor of 135 and z.
15
Let y = 30 - 13. Let c(x) = -x**2 + 15*x + 40. Let b be c(y). Suppose -b*i - 2*i = -1536. What is the highest common divisor of 24 and i?
24
Suppose 5*c = -4*y - 61, 4*y = -0*y + c - 31. Let r be (-2)/(-6) + 48/y. Let n be 18*r/20*(2 + -8). What is the greatest common divisor of n and 18?
9
Suppose 0 = 12*b + 26644 - 27232. Calculate the highest common divisor of b and 833.
49
Let c(o) = -3*o**2 - 1010*o + 4 + 4 + 1017*o. Let n be c(4). Let h be (-6)/n + (567/(-2))/(-3). What is the highest common factor of h and 38?
19
Let f be -1*1/(-2) + (-135)/(-30)*3. Suppose -6*u = -2*u - 476. What is the greatest common divisor of u and f?
7
Let k be 7/21 - (10 + 4004/(-39)). Calculate the greatest common divisor of k and 1705.
31
Let d be (2 - 2 - 1) + (3 - 44). Let m = d - -47. Suppose -3*n + 5*q + 52 + 83 = 0, 0 = 2*q + 6. Calculate the greatest common divisor of m and n.
5
Let k be (138/(-4))/(1 + 63/(-36)). Suppose 0 = 57*h - 55*h + 5*y - k, 77 = 5*h + 3*y. What is the greatest common factor of h and 1651?
13
Let p be 1*-1*-1 + 6. Let q(a) = -2*a**2 - 28*a - 31. Suppose 0 = -0*l - 47*l - 470. Let o be q(l). What is the highest common divisor of o and p?
7
Suppose -2*b + 5*b = 69. Let o = 43 - b. Let s be (-357)/(-6) - (-1)/2. Calculate the highest common factor of o and s.
20
Let r = -185 + 29. Let z = r + 205. Let a = 36 - 15. What is the highest common factor of z and a?
7
Suppose 0 = -6*k - 5*k + 825. Suppose 7*t = -t + 656. Let n = t + -32. Calculate the greatest common divisor of n and k.
25
Suppose 0 = 3*h - 6, 84 + 10 = 3*o + 2*h. Let v = 634 - 364. What is the greatest common factor of v and o?
30
Let x(z) = 5*z - 16. Let m be x(7). Suppose 3*c - 13 + m = 0. Let v be (1/c)/(11/(-946)). What is the highest common divisor of v and 215?
43
Let n be -28 + (-2673)/(-54) - 1*(-2)/(-4). Calculate the highest common divisor of n and 7672.
7
Let n = 55 + -25. Suppose -7*o = -5*o + 4, -2*d + n = -o. Suppose 0 = -p - d + 78. Calculate the greatest common divisor of p and 16.
16
Suppose -9812*a = -9831*a + 3724. Calculate the greatest common factor of a and 1652.
28
Suppose 3*r - 5*m - 22 = 0, 4*m = 79*r - 80*r - 4. Calculate the highest common divisor of 42 and r.
2
Let j = 9583 + -9563. Let n = 8 - 14. Let p(v) = v**3 + 7*v**2 + 5*v + 2. Let t be p(n). What is the highest common divisor of j and t?
4
Suppose -24*r + 651351 - 113031 = 0. What is the highest common factor of 5 and r?
5
Let s be 10 + 1170/(-108) - (-355)/30. Calculate the highest common factor of s and 891.
11
Let t = 101 - 103. Let v be (-50)/t - (22 - 25). Calculate the highest common factor of 196 and v.
28
Let g be (1 - (16 - 9))/((-6)/70). Let a(b) = -b + 22. Let i be a(15). What is the highest common di